ue
Is 1112649049 a prime number?
False
Is 11821480271 a prime number?
False
Is 2119570487 a composite number?
False
Is 806302579 composite?
True
Is 28539061897 a composite number?
False
Is 778428363 prime?
False
Is 19481691613 a prime number?
True
Is 73311449921 prime?
True
Is 42809815117 composite?
False
Is 163925542553 composite?
True
Is 540628609 composite?
False
Is 10168476523 a prime number?
True
Is 34407767 composite?
False
Is 76310083 a prime number?
True
Is 5384634953 a composite number?
False
Is 140136772814 prime?
False
Is 1849779403 composite?
False
Is 13829373137 composite?
False
Is 10167951026 prime?
False
Is 18076731061 composite?
True
Is 3809815213 composite?
False
Is 14235119177 prime?
True
Is 43717361 prime?
True
Is 10729376611 a composite number?
True
Is 1863069829 a composite number?
True
Is 4975952359 composite?
True
Is 4422612253 prime?
False
Is 562965829 a prime number?
False
Is 758712869 prime?
False
Is 24128599 composite?
True
Is 19152846169 a prime number?
False
Is 3360090619 composite?
False
Is 8468566151 prime?
False
Is 738106553 a prime number?
True
Is 38239131133 composite?
True
Is 377147851 prime?
True
Is 3525754717 prime?
False
Is 99031770977 prime?
True
Is 392691109 prime?
False
Is 29838421339 a prime number?
True
Is 25106137691 composite?
True
Is 6015398009 prime?
False
Is 631307 a composite number?
False
Is 46778966909 a prime number?
True
Is 51740323 a composite number?
False
Is 66643490827 prime?
False
Is 539035747 a composite number?
True
Is 1252697491 a prime number?
True
Is 1621058867 a composite number?
True
Is 27654731141 a prime number?
True
Is 2513766797 a composite number?
False
Is 1976963381 composite?
False
Is 530133683 prime?
True
Is 18254603981 a composite number?
False
Is 42226855939 a composite number?
False
Is 2363931631 a composite number?
False
Is 8455690501 a prime number?
False
Is 181684788463 a prime number?
True
Is 353645059 prime?
False
Is 2697424307 a composite number?
False
Is 4638663167 a composite number?
True
Is 102026388649 composite?
False
Is 1045657159 composite?
False
Is 14153027821 prime?
True
Is 50448613457 a composite number?
True
Is 12665839 a composite number?
False
Is 186927919 prime?
True
Is 1087854583 prime?
False
Is 226050439 prime?
False
Is 15359521 a prime number?
True
Is 6104435699 prime?
True
Is 97430356487 a composite number?
False
Is 771016073 composite?
True
Is 927191497 a prime number?
True
Is 32706455497 prime?
False
Is 20269143901 prime?
False
Is 4368148529 a composite number?
False
Is 2617453109 a composite number?
True
Is 1958611027 composite?
False
Is 7113760441 a prime number?
True
Is 431918457 prime?
False
Is 33296693743 composite?
False
Is 1253453051 prime?
False
Is 27034999891 a composite number?
True
Is 11574991481 a prime number?
True
Is 779640767 a prime number?
False
Is 518962007 a prime number?
True
Is 8557852757 prime?
False
Is 57377675701 a composite number?
False
Is 120749449 prime?
True
Is 5170472323 a composite number?
False
Is 2405841749 a composite number?
True
Is 511185193 prime?
True
Is 9340120331 a composite number?
True
Is 18970897 composite?
True
Is 204791357 prime?
True
Is 28113769073 a prime number?
False
Is 1891577333 a prime number?
True
Is 2922345823 prime?
True
Is 615235609 a prime number?
False
Is 11381854009 composite?
False
Is 5305709867 composite?
True
Is 1431071959 prime?
True
Is 34159933999 prime?
False
Is 59326674941 composite?
True
Is 112007633 a prime number?
True
Is 17067851533 a composite number?
True
Is 50101974673 a prime number?
False
Is 1537545013 a composite number?
True
Is 11598653993 a composite number?
False
Is 42221454043 a composite number?
False
Is 3638785783 composite?
False
Is 3031639553 composite?
False
Is 33329383 a prime number?
False
Is 241337039 a composite number?
False
Is 905267081 composite?
False
Is 5909633513 a composite number?
True
Is 4579201199 a prime number?
True
Is 2643600133 composite?
True
Is 17762446399 composite?
False
Is 166056365031 composite?
True
Is 10391738237 composite?
False
Is 1112051861 a composite number?
False
Is 5784261419 composite?
False
Is 4785982 composite?
True
Is 3491902507 prime?
True
Is 1075509802 a composite number?
True
Is 4663335961 a composite number?
False
Is 13357425761 composite?
False
Is 60789209213 prime?
False
Is 2230600003 a composite number?
True
Is 1570468643 composite?
False
Is 35605971431 prime?
False
Is 9575845061 composite?
True
Is 170740229197 a prime number?
False
Is 36549298 composite?
True
Is 1043562803 a composite number?
False
Is 3512141 a composite number?
False
Is 677331533 composite?
False
Is 5302093061 a composite number?
False
Is 54040223431 a prime number?
True
Is 2026575913 a prime number?
True
Is 4808926349 a prime number?
True
Is 31569094169 a prime number?
True
Is 129004991029 a composite number?
True
Is 67929258179 a composite number?
False
Is 40204470697 composite?
False
Is 32522603 a composite number?
False
Is 2668773461 a prime number?
True
Is 22120795979 a prime number?
True
Is 523292563 a composite number?
False
Is 7798881799 composite?
False
Is 188225201 composite?
True
Is 1472000663 composite?
True
Is 35523863773 a prime number?
True
Is 5305593049 a prime number?
False
Is 42314562217 a composite number?
False
Is 17018256481 a prime number?
True
Is 117176420813 composite?
False
Is 21668826601 composite?
True
Is 838425983 a composite number?
True
Is 45460952681 a composite number?
True
Is 8765210681 a composite number?
False
Is 22249636303 composite?
False
Is 15910782853 a prime number?
False
Is 65613768793 a composite number?
True
Is 324047531 prime?
True
Is 143632957 composite?
True
Is 4350913279 composite?
False
Is 4642352249 a composite number?
True
Is 163878519247 a prime number?
True
Is 19373158183 prime?
True
Is 29344281409 composite?
False
Is 159879107 prime?
False
Is 4008903791 a prime number?
True
Is 3929847167 prime?
False
Is 4316916547 a composite number?
True
Is 1686027437 a composite number?
False
Is 71635387 a composite number?
False
Is 10524562109 composite?
True
Is 55402679777 a prime number?
True
Is 286559557 a composite number?
True
Is 603376747 composite?
False
Is 59574686329 prime?
True
Is 96980329507 prime?
False
Is 3642764431 prime?
True
Is 62639010941 prime?
False
Is 394982242903 a composite number?
False
Is 3990039161 a composite number?
False
Is 41407004269 composite?
False
Is 1727640583 composite?
False
Is 833681087 composite?
False
Is 2565922163 a prime number?
False
Is 443807813 prime?
False
Is 51050166379 composite?
False
Is 9950491877 prime?
True
Is 2494415737 prime?
False
Is 4426520051 prime?
True
Is 18435451843 prime?
False
Is 1249724171 a prime number?
True
Is 718194935 a prime number?
False
Is 9314555653 composite?
True
Is 498935937 composite?
True
Is 9686077721 a composite number?
False
Is 3813245749 a prime number?
False
Is 5690880463 a prime number?
False
Is 44508151543 a prime number?
False
Is 10162136773 prime?
False
Is 9182130857 a composite number?
False
Is 19192756769 a composite number?
True
Is 3200126213 composite?
True
Is 56028276059 a prime number?
False
Is 452247307 a prime number?
True
Is 97702339 prime?
False
Is 11102461823 prime?
False
Is 962698817 a prime number?
True
Is 1007859079 composite?
False
Is 2141294539 a composite number?
False
Is 2245538593 a composite number?
True
Is 10574627711 prime?
True
Is 2659739557 a composite number?
False
Is 95710487 prime?
True
Is 1437435295 a composite number?
True
Is 43783910911 a composite number?
True
Is 362269753 composite?
False
Is 681462347 composite?
False
Is 1247485111 a composite number?
True
Is 1341022357 prime?
False
Is 7303365457 prime?
True
Is 68936518003 a composite number?
True
Is 513168631 prime?
False
Is 2843363609 prime?
False
Is 10307354737 a composite number?
True
Is 49301605391 a composite number?
False
Is 756541063 a prime number?
False
Is 8267871323 a composite number?
True
Is 977626955 a prime number?
False
Is 1367783539 a composite number?
False
Is 34380961157 prime?
False
Is 169781723 composite?
False
Is 17589377977 a prime number?
True
Is 13428250153 a prime number?
False
Is 386690197 prime?
False
Is 67741734289 a prime number?
False
Is 2520531515 composite?
True
Is 7094662319 a composite number?
False
Is 83